2
What is -1875 (base 14) in base 10?
-4415
What is 10111010 (base 2) in base 5?
1221
Convert 2477 (base 13) to base 9.
7072
-a6c3 (base 14) to base 16
-7073
Convert -3770 (base 8) to base 12.
-1220
Convert 5314 (base 7) to base 13.
b11
Convert -3b8 (base 12) to base 10.
-572
2 (base 7) to base 9
2
What is -8b85 (base 12) in base 4?
-3302111
-16860 (base 12) to base 10
-32328
-11220332 (base 4) to base 14
-85c2
Convert 899 (base 10) to base 14.
483
Convert -a03 (base 15) to base 6.
-14233
Convert -d82a (base 14) to base 3.
-1220010200
What is -e12 (base 15) in base 14?
-1223
Convert -120320 (base 6) to base 4.
-2203320
Convert 6a1 (base 11) to base 2.
1101000101
Convert -1386 (base 9) to base 15.
-4a0
What is -487 (base 9) in base 3?
-112221
Convert 12a57 (base 11) to base 7.
105104
What is 1406 (base 15) in base 8?
10271
What is 337 (base 9) in base 12?
1b1
Convert -320220 (base 5) to base 6.
-121245
Convert -30143 (base 6) to base 9.
-5370
Convert 2002323 (base 5) to base 9.
47287
-bd2b (base 16) to base 15
-e537
What is 436 (base 10) in base 8?
664
-4c1 (base 13) to base 2
-1101000001
What is -1130 (base 9) in base 15?
-3ac
734 (base 8) to base 11
3a3
What is 2236 (base 7) in base 15?
391
What is 101010011000 (base 2) in base 8?
5230
-1110 (base 7) to base 15
-1b9
Convert -16068 (base 10) to base 2.
-11111011000100
Convert 1000001011 (base 2) to base 15.
24d
What is 34a (base 15) in base 3?
1000121
Convert -4203210 (base 5) to base 4.
-100320330
2276 (base 16) to base 15
2932
-2120 (base 16) to base 3
-102122002
Convert 10111 (base 2) to base 15.
18
What is 215662 (base 7) in base 12?
1a044
4fe9 (base 16) to base 8
47751
5a3a (base 12) to base 13
47bc
What is -5d8 (base 16) in base 11?
-1140
-230 (base 6) to base 2
-1011010
Convert 644 (base 14) to base 9.
1623
1341 (base 6) to base 15
184
5382 (base 14) to base 7
60022
Convert 23a6 (base 11) to base 6.
22313
-10371 (base 8) to base 12
-2621
-16633 (base 11) to base 3
-1012002021
What is 6331 (base 7) in base 14?
b51
What is 112200012 (base 3) in base 11?
8045
What is 198 (base 16) in base 11?
341
-2d18 (base 15) to base 10
-9698
Convert 8606 (base 9) to base 14.
243a
What is -8031 (base 9) in base 10?
-5860
53bb (base 12) to base 15
2ae5
455b (base 12) to base 4
1320113
What is -2c00 (base 14) in base 6?
-100144
-10002022 (base 3) to base 16
-8c9
What is -1309 (base 12) in base 9?
-2870
What is 217 (base 14) in base 8?
635
Convert -22021220 (base 3) to base 11.
-45a6
24201 (base 5) to base 2
11100001001
-10409 (base 12) to base 2
-101001101001001
1031 (base 5) to base 6
353
What is -72607 (base 8) in base 3?
-1112021100
Convert 4a9 (base 13) to base 11.
681
Convert 104330 (base 5) to base 4.
322003
Convert -360 (base 14) to base 4.
-22200
What is 4369 (base 11) in base 6?
42402
Convert 237 (base 10) to base 15.
10c
Convert 14232 (base 5) to base 11.
994
What is 716 (base 8) in base 3?
122010
Convert 11101100010 (base 2) to base 7.
5340
What is 100334 (base 6) in base 14?
2c4a
-10222 (base 3) to base 14
-79
Convert 254124 (base 6) to base 15.
6bed
Convert 769 (base 10) to base 16.
301
Convert 2863 (base 9) to base 5.
32123
102630 (base 7) to base 16
4590
What is -36016 (base 7) in base 12?
-544a
1c8 (base 13) to base 15
173
Convert 67747 (base 8) to base 4.
12333213
Convert 673 (base 13) to base 2.
10001010100
Convert -b53 (base 14) to base 4.
-202311
Convert 34132 (base 6) to base 11.
3681
Convert 42034 (base 5) to base 2.
101011010001
Convert 1110002 (base 4) to base 13.
25a9
What is 4c56 (base 14) in base 7?
54036
4302 (base 9) to base 5
100121
Convert 32240 (base 9) to base 2.
101001101011011
10315 (base 7) to base 5
40220
-5427 (base 10) to base 11
-4094
440231 (base 5) to base 9
22600
2122201102 (base 3) to base 13
1aa4a
Convert 3323001 (base 4) to base 15.
4b60
What is -3c6 (base 13) in base 12?
-479
Convert 14654 (base 8) to base 3.
100000102
-3cc (base 13) to base 4
-22203
What is 14380 (base 11) in base 15?
60b1
Convert 3533 (base 13) to base 9.
11228
56d (base 14) to base 16
435
What is 1045 (base 6) in base 10?
245
Convert -36 (base 13) to base 11.
-41
What is -dd5 (base 14) in base 4?
-222233
Convert -12366 (base 8) to base 15.
-18cb
Convert 24441 (base 5) to base 15.
84b
Convert 1166 (base 7) to base 4.
12320
11110011110011 (base 2) to base 5
444403
Convert -1000001101101 (base 2) to base 15.
-13a5
462 (base 10) to base 12
326
-144142 (base 6) to base 5
-421021
-1906 (base 10) to base 5
-30111
What is 35a0 (base 15) in base 14?
4224
What is 2496b (base 12) in base 7?
265040
-120351 (base 8) to base 14
-11025
-1041 (base 6) to base 2
-11110001
Convert 129 (base 13) to base 16.
cc
What is -8c8 (base 13) in base 6?
-11004
Convert 2d9e (base 15) to base 5.
303244
Convert 5e5 (base 16) to base 15.
6a9
6583 (base 10) to base 12
3987
Convert 120 (base 7) to base 9.
70
What is 12a (base 16) in base 8?
452
Convert -8884 (base 9) to base 3.
-22222211
Convert -1582 (base 9) to base 12.
-848
44a0 (base 14) to base 2
10111001111100
-12652 (base 10) to base 5
-401102
What is 1022022 (base 3) in base 5?
12303
1226 (base 13) to base 9
3462
Convert -1027 (base 8) to base 10.
-535
What is -1261 (base 13) in base 10?
-2614
Convert 12211202 (base 3) to base 8.
10243
-2617 (base 8) to base 12
-9a7
312 (base 6) to base 16
74
Convert -2125 (base 6) to base 2.
-111100101
What is -23304 (base 5) in base 11?
-130a
415 (base 7) to base 3
21201
Convert -761b (base 14) to base 8.
-47671
Convert -110314 (base 5) to base 4.
-323322
Convert 14069 (base 12) to base 4.
12301101
10150 (base 8) to base 9
5676
What is 31133 (base 8) in base 3?
122200110
30040 (base 5) to base 14
995
What is -46d4 (base 14) in base 12?
-7182
Convert 382 (base 13) to base 9.
751
Convert -2095 (base 11) to base 16.
-ace
What is -4a50 (base 11) in base 12?
-3991
What is 28480 (base 11) in base 15?
c002
Convert 253021 (base 7) to base 8.
133107
-100000101 (base 3) to base 5
-202241
What is -212032 (base 4) in base 3?
-10100121
Convert 4347 (base 9) to base 7.
12223
Convert 12613 (base 10) to base 7.
51526
What is -3230 (base 5) in base 12?
-308
1110111110110011 (base 2) to base 4
32332303
Convert dc6 (base 15) to base 2.
110000100111
Convert -61121 (base 9) to base 14.
-10911
What is 21210120 (base 3) in base 2?
1011000110101
24312 (base 5) to base 9
2455
-10294 (base 10) to base 3
-112010021
-3511 (base 14) to base 11
-6a29
What is 3879 (base 12) in base 6?
45433
-313023 (base 4) to base 9
-4753
What is 1001332 (base 4) in base 12?
253a
What is 4c25 (base 16) in base 15?
5b98
Convert -165133 (base 7) to base 16.
-80e9
13d (base 14) to base 6
1055
Convert -1111101011000 (base 2) to base 13.
-3863
What is -12 (base 16) in base 2?
-10010
Convert -112210 (base 3) to base 16.
-18f
Convert 23302301 (base 4) to base 6.
1011345
What is 184 (base 13) in base 4?
10111
Convert -448 (base 11) to base 5.
-4121
Convert -7643 (base 8) to base 16.
-fa3
What is 110001100101 (base 2) in base 9?
4315
-100011101 (base 2) to base 14
-165
What is 2f2d (base 16) in base 10?
12077
Convert 11311 (base 4) to base 10.
373
23 (base 11) to base 4
121
What is 32100 (base 4) in base 7?
2442
What is -64 (base 7) in base 10?
-46
5906 (base 12) to base 7
40662
1202010 (base 3) to base 5
20042
Convert 910 (base 12) to base 3.
1210110
Convert -111110010101 (base 2) to base 9.
-5422
-134 (base 5) to base 9
-48
Convert 1013212 (base 4) to base 10.
4582
Convert -1100010001001011 (base 2) to base 7.
-266335
1011001000000 (base 2) to base 13
2792
Convert -1236 (base 14) to base 9.
-4327
What is 730 (base 10) in base 4?
23122
-86 (base 13) to base 11
-a0
-220120021 (base 3) to base 5
-1033113
-12302 (base 4) to base 12
-302
3a6 (base 14) to base 10
734
What is -26d (base 15) in base 10?
-553
Convert 28bb (base 15) to base 6.
104222
What is -4974 (base 11) in base 8?
-14536
Convert 10010101 (base 2) to base 8.
225
What is -19b2 (base 16) in base 6?
-50242
-1072 (base 16) to base 9
-5687
Convert -1011000001101 (base 2) to base 15.
-1a15
Convert -1388 (base 9) to base 7.
-3032
1471 (base 13) to base 15
d2a
640 (base 7) to base 10
322
-3414 (base 6) to base 3
-1002201
What is 15076 (base 8) in base 16?
1a3e
110413 (base 6) to base 2
10010000001001
What is -222102222 (base 3